{"id":124537,"date":"2025-08-26T05:27:44","date_gmt":"2025-08-26T05:27:44","guid":{"rendered":"https:\/\/digitalmty.com.mx\/decora\/product\/tapete-nebolous-2\/"},"modified":"2025-09-05T02:36:31","modified_gmt":"2025-09-05T02:36:31","slug":"tapete-nebolous-2","status":"publish","type":"product","link":"https:\/\/digitalmty.com.mx\/decora\/product\/tapete-nebolous-2\/","title":{"rendered":"Tapete Nebolous"},"content":{"rendered":"<p><strong data-mce-fragment=\"1\">NO COMPRES, PREGUNTA EXISTENCIA POR WHATSAPP ANTES PARA QU\u00c9 T\u00da COMPRA SEA EXITOSA.<\/strong><\/p>\n<p>Estoy a tus pies.<\/p>\n<p>Nuestros tapetes son de excelente calidad y dise\u00f1os inigualables Recuerda: Un tapete transformar\u00e1 completamente la decoraci\u00f3n y el ambiente de tu espacio, aparte de brindar confort y calidez.<\/p>\n<p>No lo dudes, si no tienes ni idea de que tapete combinar estamos para asesorarte.<\/p>\n<p>Material:<\/p>\n<p>Polipropileno 100% lavable<\/p>\n<p>Importado de Egipto<\/p>\n<p>Hecho a m\u00e1quina con el mismo proceso del tapete hecho a mano \u00a0 (tejido )<\/p>\n<p>Lavar con un cepillo suave y jab\u00f3n liquido, enjuagar con mucha agua y secar al sol o en su defecto con un experto en la materia.<\/p>\n","protected":false},"excerpt":{"rendered":"<p>NO COMPRES, PREGUNTA EXISTENCIA POR WHATSAPP ANTES PARA QU\u00c9 T\u00da COMPRA SEA EXITOSA. Estoy a tus pies. Nuestros tapetes son de excelente calidad y dise\u00f1os inigualables Recuerda: Un tapete transformar\u00e1 completamente la decoraci\u00f3n y el ambiente de tu espacio, aparte de brindar confort y calidez. No lo dudes, si no tienes ni idea de que [&hellip;]<\/p>\n","protected":false},"featured_media":125680,"comment_status":"open","ping_status":"closed","template":"","meta":{"_et_pb_use_builder":"","_et_pb_old_content":"","_et_gb_content_width":""},"product_brand":[],"product_cat":[366,371,376,381,389,390,391,398,399],"product_tag":[349,318,350,351,352],"class_list":{"0":"post-124537","1":"product","2":"type-product","3":"status-publish","4":"has-post-thumbnail","6":"product_cat-abstractos","7":"product_cat-best-sellers-aument","8":"product_cat-decoravita-ofertas","9":"product_cat-globo-basis-collection-do-not-delete","10":"product_cat-perfit_best_selling_do_not_delete","11":"product_cat-perfit_created_desc_do_not_delete","12":"product_cat-perfit_price_desc_do_not_delete","13":"product_cat-tapetes","14":"product_cat-tapetes-decorativos","15":"product_tag-abstracto","16":"product_tag-decoracion","17":"product_tag-piso","18":"product_tag-tapete","19":"product_tag-tapete-decorativo","21":"first","22":"instock","23":"shipping-taxable","24":"purchasable","25":"product-type-variable","26":"wvs-archive-product-wrapper"},"_links":{"self":[{"href":"https:\/\/digitalmty.com.mx\/decora\/wp-json\/wp\/v2\/product\/124537","targetHints":{"allow":["GET"]}}],"collection":[{"href":"https:\/\/digitalmty.com.mx\/decora\/wp-json\/wp\/v2\/product"}],"about":[{"href":"https:\/\/digitalmty.com.mx\/decora\/wp-json\/wp\/v2\/types\/product"}],"replies":[{"embeddable":true,"href":"https:\/\/digitalmty.com.mx\/decora\/wp-json\/wp\/v2\/comments?post=124537"}],"wp:featuredmedia":[{"embeddable":true,"href":"https:\/\/digitalmty.com.mx\/decora\/wp-json\/wp\/v2\/media\/125680"}],"wp:attachment":[{"href":"https:\/\/digitalmty.com.mx\/decora\/wp-json\/wp\/v2\/media?parent=124537"}],"wp:term":[{"taxonomy":"product_brand","embeddable":true,"href":"https:\/\/digitalmty.com.mx\/decora\/wp-json\/wp\/v2\/product_brand?post=124537"},{"taxonomy":"product_cat","embeddable":true,"href":"https:\/\/digitalmty.com.mx\/decora\/wp-json\/wp\/v2\/product_cat?post=124537"},{"taxonomy":"product_tag","embeddable":true,"href":"https:\/\/digitalmty.com.mx\/decora\/wp-json\/wp\/v2\/product_tag?post=124537"}],"curies":[{"name":"wp","href":"https:\/\/api.w.org\/{rel}","templated":true}]}}