{"id":124321,"date":"2025-08-26T05:26:20","date_gmt":"2025-08-26T05:26:20","guid":{"rendered":"https:\/\/digitalmty.com.mx\/decora\/product\/set-trival-3\/"},"modified":"2025-08-26T05:26:22","modified_gmt":"2025-08-26T05:26:22","slug":"set-trival-3","status":"publish","type":"product","link":"https:\/\/digitalmty.com.mx\/decora\/product\/set-trival-3\/","title":{"rendered":"Set Trival"},"content":{"rendered":"<p>El set Matri-Queen consta de:<\/p>\n<p>1 Edred\u00f3n Ligero 2.50*2.40<\/p>\n<p>2 Cojines con relleno Microgel y funda blanca de 55*55<\/p>\n<p>1 Coj\u00edn con relleno de Microgel y funda blanca de 45*45<\/p>\n<p>1 Pie de Cama 2.00*.70<\/p>\n<p>El set King consta de:<\/p>\n<p>1 Edred\u00f3n Ligero 2.80*2.40<\/p>\n<p>2 Cojines con relleno Microgel y funda blanca de 55*55<\/p>\n<p>1 Coj\u00edn con relleno de Microgel y funda blanca de 45*45<\/p>\n<p>1 Pie de\u00a0 Cama 2.50*.70<\/p>\n<p>\u00a0<\/p>\n<p><svg viewbox=\"0 0 20 20\" height=\"20\" width=\"20\" xmlns=\"http:\/\/www.w3.org\/2000\/svg\" aria-hidden=\"true\" class=\"icon icon-accordion color-foreground-text\" focusable=\"false\">Env\u00a0\u00a0 EErere<\/svg><span class=\"h4 inline-richtext\"><em>8 a 12 d\u00edas h\u00e1biles Tiempo de Env\u00edo ya que todo entra a producci\u00f3n.<\/em><\/span><\/p>\n<p><span class=\"h4 inline-richtext\"><em>Color de tela puede tener una ligera variaci\u00f3n dependiendo el lote.<\/em><\/span><\/p>\n","protected":false},"excerpt":{"rendered":"<p>El set Matri-Queen consta de: 1 Edred\u00f3n Ligero 2.50*2.40 2 Cojines con relleno Microgel y funda blanca de 55*55 1 Coj\u00edn con relleno de Microgel y funda blanca de 45*45 1 Pie de Cama 2.00*.70 El set King consta de: 1 Edred\u00f3n Ligero 2.80*2.40 2 Cojines con relleno Microgel y funda blanca de 55*55 1 [&hellip;]<\/p>\n","protected":false},"featured_media":125562,"comment_status":"open","ping_status":"closed","template":"","meta":{"_et_pb_use_builder":"","_et_pb_old_content":"","_et_gb_content_width":""},"product_brand":[],"product_cat":[371,376,381,389,390,391,397],"product_tag":[121],"class_list":{"0":"post-124321","1":"product","2":"type-product","3":"status-publish","4":"has-post-thumbnail","6":"product_cat-best-sellers-aument","7":"product_cat-decoravita-ofertas","8":"product_cat-globo-basis-collection-do-not-delete","9":"product_cat-perfit_best_selling_do_not_delete","10":"product_cat-perfit_created_desc_do_not_delete","11":"product_cat-perfit_price_desc_do_not_delete","12":"product_cat-sets-de-recamaras","13":"product_tag-combo-recamara","15":"first","16":"instock","17":"shipping-taxable","18":"purchasable","19":"product-type-variable","20":"wvs-archive-product-wrapper"},"_links":{"self":[{"href":"https:\/\/digitalmty.com.mx\/decora\/wp-json\/wp\/v2\/product\/124321","targetHints":{"allow":["GET"]}}],"collection":[{"href":"https:\/\/digitalmty.com.mx\/decora\/wp-json\/wp\/v2\/product"}],"about":[{"href":"https:\/\/digitalmty.com.mx\/decora\/wp-json\/wp\/v2\/types\/product"}],"replies":[{"embeddable":true,"href":"https:\/\/digitalmty.com.mx\/decora\/wp-json\/wp\/v2\/comments?post=124321"}],"wp:featuredmedia":[{"embeddable":true,"href":"https:\/\/digitalmty.com.mx\/decora\/wp-json\/wp\/v2\/media\/125562"}],"wp:attachment":[{"href":"https:\/\/digitalmty.com.mx\/decora\/wp-json\/wp\/v2\/media?parent=124321"}],"wp:term":[{"taxonomy":"product_brand","embeddable":true,"href":"https:\/\/digitalmty.com.mx\/decora\/wp-json\/wp\/v2\/product_brand?post=124321"},{"taxonomy":"product_cat","embeddable":true,"href":"https:\/\/digitalmty.com.mx\/decora\/wp-json\/wp\/v2\/product_cat?post=124321"},{"taxonomy":"product_tag","embeddable":true,"href":"https:\/\/digitalmty.com.mx\/decora\/wp-json\/wp\/v2\/product_tag?post=124321"}],"curies":[{"name":"wp","href":"https:\/\/api.w.org\/{rel}","templated":true}]}}