{"id":124320,"date":"2025-08-26T05:26:19","date_gmt":"2025-08-26T05:26:19","guid":{"rendered":"https:\/\/digitalmty.com.mx\/decora\/product\/set-tratxo-3\/"},"modified":"2025-08-26T05:26:20","modified_gmt":"2025-08-26T05:26:20","slug":"set-tratxo-3","status":"publish","type":"product","link":"https:\/\/digitalmty.com.mx\/decora\/product\/set-tratxo-3\/","title":{"rendered":"Set Tratxo"},"content":{"rendered":"<p>Set compuesto por 6 cojines:<strong><br \/><\/strong><\/p>\n<p>1 cojin dante arena\u00a0 50*50<\/p>\n<p>1 coj\u00edn burr negro\u00a0 50*50<\/p>\n<p>1 coj\u00edn grant\u00a0 45*45<\/p>\n<p>1 cojin dune 45*45<\/p>\n<p>1 cojin burr negro 30*50<\/p>\n<p>1 cojin dante arena 30*50<\/p>\n<p><span>Telas de la mejor Calidad con cierre completamente invisible.<\/span><\/p>\n<p><strong data-mce-fragment=\"1\"><span style=\"text-decoration: underline;\">RELLENO, PUEDES ELEGIR EL QUE M\u00c1S TE AGRADE:<\/span><br \/><\/strong><\/p>\n<p><strong>Microgel:\u00a0<\/strong>Textura<strong> <\/strong>suave en funda blanca, relleno almohada sogn@re.<\/p>\n<p data-mce-fragment=\"1\"><strong data-mce-fragment=\"1\">Lavado:<\/strong> en Seco y tintorer\u00eda s\u00f3lo la funda,<\/p>\n<p data-mce-fragment=\"1\"><b>Env\u00edo:\u00a0 7 a 10 d\u00edas h\u00e1biles si est\u00e1n antes se enviaran a la brevedad!<\/b><\/p>\n<p data-mce-fragment=\"1\">\u00a0<\/p>\n<blockquote data-mce-fragment=\"1\">\n<h5 data-mce-fragment=\"1\">Foto ilustrativa, los colores en el producto pueden tener m\u00ednimas variaciones.<\/h5>\n<\/blockquote>\n<blockquote data-mce-fragment=\"1\">\n<h5 data-mce-fragment=\"1\"><\/h5>\n<\/blockquote>\n","protected":false},"excerpt":{"rendered":"<p>Set compuesto por 6 cojines: 1 cojin dante arena\u00a0 50*50 1 coj\u00edn burr negro\u00a0 50*50 1 coj\u00edn grant\u00a0 45*45 1 cojin dune 45*45 1 cojin burr negro 30*50 1 cojin dante arena 30*50 Telas de la mejor Calidad con cierre completamente invisible. RELLENO, PUEDES ELEGIR EL QUE M\u00c1S TE AGRADE: Microgel:\u00a0Textura suave en funda blanca, [&hellip;]<\/p>\n","protected":false},"featured_media":125560,"comment_status":"open","ping_status":"closed","template":"","meta":{"_et_pb_use_builder":"","_et_pb_old_content":"","_et_gb_content_width":""},"product_brand":[],"product_cat":[371,376,381,389,390,391,288],"product_tag":[153],"class_list":{"0":"post-124320","1":"product","2":"type-product","3":"status-publish","4":"has-post-thumbnail","6":"product_cat-best-sellers-aument","7":"product_cat-decoravita-ofertas","8":"product_cat-globo-basis-collection-do-not-delete","9":"product_cat-perfit_best_selling_do_not_delete","10":"product_cat-perfit_created_desc_do_not_delete","11":"product_cat-perfit_price_desc_do_not_delete","12":"product_cat-rebajas","13":"product_tag-outlet","15":"first","16":"instock","17":"shipping-taxable","18":"purchasable","19":"product-type-simple"},"_links":{"self":[{"href":"https:\/\/digitalmty.com.mx\/decora\/wp-json\/wp\/v2\/product\/124320","targetHints":{"allow":["GET"]}}],"collection":[{"href":"https:\/\/digitalmty.com.mx\/decora\/wp-json\/wp\/v2\/product"}],"about":[{"href":"https:\/\/digitalmty.com.mx\/decora\/wp-json\/wp\/v2\/types\/product"}],"replies":[{"embeddable":true,"href":"https:\/\/digitalmty.com.mx\/decora\/wp-json\/wp\/v2\/comments?post=124320"}],"wp:featuredmedia":[{"embeddable":true,"href":"https:\/\/digitalmty.com.mx\/decora\/wp-json\/wp\/v2\/media\/125560"}],"wp:attachment":[{"href":"https:\/\/digitalmty.com.mx\/decora\/wp-json\/wp\/v2\/media?parent=124320"}],"wp:term":[{"taxonomy":"product_brand","embeddable":true,"href":"https:\/\/digitalmty.com.mx\/decora\/wp-json\/wp\/v2\/product_brand?post=124320"},{"taxonomy":"product_cat","embeddable":true,"href":"https:\/\/digitalmty.com.mx\/decora\/wp-json\/wp\/v2\/product_cat?post=124320"},{"taxonomy":"product_tag","embeddable":true,"href":"https:\/\/digitalmty.com.mx\/decora\/wp-json\/wp\/v2\/product_tag?post=124320"}],"curies":[{"name":"wp","href":"https:\/\/api.w.org\/{rel}","templated":true}]}}