{"id":123734,"date":"2025-08-26T05:23:49","date_gmt":"2025-08-26T05:23:49","guid":{"rendered":"https:\/\/digitalmty.com.mx\/decora\/product\/felpa-2\/"},"modified":"2025-09-04T22:17:15","modified_gmt":"2025-09-04T22:17:15","slug":"felpa-2","status":"publish","type":"product","link":"https:\/\/digitalmty.com.mx\/decora\/product\/felpa-2\/","title":{"rendered":"Felpa"},"content":{"rendered":"<p data-mce-fragment=\"1\"><strong>ENV\u00cdO GRATIS A PARTIR DE $999.<\/strong><\/p>\n<p data-mce-fragment=\"1\">Tela importada peluda de excelente calidad 100% polyester con cierre invisible (reforzado) para mayor durabilidad.<\/p>\n<p><strong data-mce-fragment=\"1\">Relleno<\/strong> de microgel calidad premium tipo algod\u00f3n, suave, hipoalerg\u00e9nico y duradero, no se hace bolas.<\/p>\n<p><strong data-mce-fragment=\"1\">Textura: <\/strong>S\u00faper Suave.<\/p>\n<p data-mce-fragment=\"1\"><strong data-mce-fragment=\"1\">Lavado:<\/strong> en Seco y tintorer\u00eda s\u00f3lo la funda,<\/p>\n<p data-mce-fragment=\"1\"><strong data-mce-fragment=\"1\">Precio<\/strong> por coj\u00edn, tiempo de env\u00edo de 7 a 10 d\u00edas h\u00e1biles.<\/p>\n<p data-mce-fragment=\"1\"><strong data-mce-fragment=\"1\">Pago:<\/strong> Todas las transacciones son seguras y est\u00e1n encriptadas. No almacenamos los detalles de la tarjeta de cr\u00e9dito ni tenemos acceso a la informaci\u00f3n de la misma.<\/p>\n<p><strong data-mce-fragment=\"1\">Pagos:<\/strong> Paypal, Mercado Pago, Transferencias, Pago en Oxxo.<\/p>\n<blockquote data-mce-fragment=\"1\">\n<h5 data-mce-fragment=\"1\">Foto ilustrativa, los colores en el producto pueden tener m\u00ednimas variaciones.<\/h5>\n<\/blockquote>\n<p>&nbsp;<\/p>\n","protected":false},"excerpt":{"rendered":"<p>ENV\u00cdO GRATIS A PARTIR DE $999. Tela importada peluda de excelente calidad 100% polyester con cierre invisible (reforzado) para mayor durabilidad. Relleno de microgel calidad premium tipo algod\u00f3n, suave, hipoalerg\u00e9nico y duradero, no se hace bolas. Textura: S\u00faper Suave. Lavado: en Seco y tintorer\u00eda s\u00f3lo la funda, Precio por coj\u00edn, tiempo de env\u00edo de 7 [&hellip;]<\/p>\n","protected":false},"featured_media":125227,"comment_status":"open","ping_status":"closed","template":"","meta":{"_et_pb_use_builder":"","_et_pb_old_content":"","_et_gb_content_width":""},"product_brand":[],"product_cat":[371,356,376,378,381,389,390,391,288],"product_tag":[316,317,318,319,320,330,321,153,331],"class_list":{"0":"post-123734","1":"product","2":"type-product","3":"status-publish","4":"has-post-thumbnail","6":"product_cat-best-sellers-aument","7":"product_cat-cojines-decorativos","8":"product_cat-decoravita-ofertas","9":"product_cat-felpa-y-boho","10":"product_cat-globo-basis-collection-do-not-delete","11":"product_cat-perfit_best_selling_do_not_delete","12":"product_cat-perfit_created_desc_do_not_delete","13":"product_cat-perfit_price_desc_do_not_delete","14":"product_cat-rebajas","15":"product_tag-cuadrada","16":"product_tag-decora","17":"product_tag-decoracion","18":"product_tag-decorativo","19":"product_tag-decoravita","20":"product_tag-felpa","21":"product_tag-funda-de-cojin","22":"product_tag-outlet","23":"product_tag-rosa","25":"first","26":"instock","27":"shipping-taxable","28":"purchasable","29":"product-type-variable","30":"wvs-archive-product-wrapper"},"_links":{"self":[{"href":"https:\/\/digitalmty.com.mx\/decora\/wp-json\/wp\/v2\/product\/123734","targetHints":{"allow":["GET"]}}],"collection":[{"href":"https:\/\/digitalmty.com.mx\/decora\/wp-json\/wp\/v2\/product"}],"about":[{"href":"https:\/\/digitalmty.com.mx\/decora\/wp-json\/wp\/v2\/types\/product"}],"replies":[{"embeddable":true,"href":"https:\/\/digitalmty.com.mx\/decora\/wp-json\/wp\/v2\/comments?post=123734"}],"wp:featuredmedia":[{"embeddable":true,"href":"https:\/\/digitalmty.com.mx\/decora\/wp-json\/wp\/v2\/media\/125227"}],"wp:attachment":[{"href":"https:\/\/digitalmty.com.mx\/decora\/wp-json\/wp\/v2\/media?parent=123734"}],"wp:term":[{"taxonomy":"product_brand","embeddable":true,"href":"https:\/\/digitalmty.com.mx\/decora\/wp-json\/wp\/v2\/product_brand?post=123734"},{"taxonomy":"product_cat","embeddable":true,"href":"https:\/\/digitalmty.com.mx\/decora\/wp-json\/wp\/v2\/product_cat?post=123734"},{"taxonomy":"product_tag","embeddable":true,"href":"https:\/\/digitalmty.com.mx\/decora\/wp-json\/wp\/v2\/product_tag?post=123734"}],"curies":[{"name":"wp","href":"https:\/\/api.w.org\/{rel}","templated":true}]}}