{"id":119758,"date":"2025-08-26T00:39:19","date_gmt":"2025-08-26T00:39:19","guid":{"rendered":"https:\/\/digitalmty.com.mx\/decora\/?post_type=product&#038;p=119758"},"modified":"2025-08-26T00:39:20","modified_gmt":"2025-08-26T00:39:20","slug":"cojin-crepi-2","status":"publish","type":"product","link":"https:\/\/digitalmty.com.mx\/decora\/product\/cojin-crepi-2\/","title":{"rendered":"COJIN CREPI"},"content":{"rendered":"<p><span style=\"text-decoration: underline;\">Telas de excelente calidad con<strong>\u00a0cierre<\/strong>\u00a0completamente invisible.<\/span><\/p>\n<p><strong><span style=\"text-decoration: underline;\">RELLENO, PUEDES ELEGIR EL QUE M\u00c1S TE AGRADE:<\/span><br \/>\n<\/strong><\/p>\n<p><strong>Fibragel:\u00a0<\/strong>Textura Semifirme.<\/p>\n<p><strong>Microgel:\u00a0<\/strong>Textura<strong>\u00a0<\/strong>Suavecito calidad premium\u00a0<strong>en funda blanca<\/strong>, hipoalerg\u00e9nico y duradero.<\/p>\n<p><strong>Lavado:<\/strong>\u00a0en Seco y tintorer\u00eda s\u00f3lo la funda.<\/p>\n<p><b>Env\u00edo:\u00a0 7 a 10 d\u00edas h\u00e1biles si est\u00e1n antes se enviar\u00e1n a la brevedad!<\/b><\/p>\n<p>&nbsp;<\/p>\n<blockquote>\n<h5>Foto ilustrativa, los colores en el producto pueden tener m\u00ednimas variaciones.<\/h5>\n<\/blockquote>\n","protected":false},"excerpt":{"rendered":"<p>Telas de excelente calidad con\u00a0cierre\u00a0completamente invisible. RELLENO, PUEDES ELEGIR EL QUE M\u00c1S TE AGRADE: Fibragel:\u00a0Textura Semifirme. Microgel:\u00a0Textura\u00a0Suavecito calidad premium\u00a0en funda blanca, hipoalerg\u00e9nico y duradero. Lavado:\u00a0en Seco y tintorer\u00eda s\u00f3lo la funda. Env\u00edo:\u00a0 7 a 10 d\u00edas h\u00e1biles si est\u00e1n antes se enviar\u00e1n a la brevedad! &nbsp; Foto ilustrativa, los colores en el producto pueden tener [&hellip;]<\/p>\n","protected":false},"featured_media":119812,"comment_status":"open","ping_status":"closed","template":"","meta":{"_et_pb_use_builder":"","_et_pb_old_content":"","_et_gb_content_width":""},"product_brand":[],"product_cat":[281,284],"product_tag":[],"class_list":{"0":"post-119758","1":"product","2":"type-product","3":"status-publish","4":"has-post-thumbnail","6":"product_cat-cojines","7":"product_cat-lisos","8":"pa_relleno-fibragel","9":"pa_relleno-microgel","10":"pa_tamano-81","11":"pa_tamano-168","12":"pa_tamano-297","13":"pa_tamano-298","15":"first","16":"instock","17":"shipping-taxable","18":"purchasable","19":"product-type-variable","20":"wvs-archive-product-wrapper"},"_links":{"self":[{"href":"https:\/\/digitalmty.com.mx\/decora\/wp-json\/wp\/v2\/product\/119758","targetHints":{"allow":["GET"]}}],"collection":[{"href":"https:\/\/digitalmty.com.mx\/decora\/wp-json\/wp\/v2\/product"}],"about":[{"href":"https:\/\/digitalmty.com.mx\/decora\/wp-json\/wp\/v2\/types\/product"}],"replies":[{"embeddable":true,"href":"https:\/\/digitalmty.com.mx\/decora\/wp-json\/wp\/v2\/comments?post=119758"}],"wp:featuredmedia":[{"embeddable":true,"href":"https:\/\/digitalmty.com.mx\/decora\/wp-json\/wp\/v2\/media\/119812"}],"wp:attachment":[{"href":"https:\/\/digitalmty.com.mx\/decora\/wp-json\/wp\/v2\/media?parent=119758"}],"wp:term":[{"taxonomy":"product_brand","embeddable":true,"href":"https:\/\/digitalmty.com.mx\/decora\/wp-json\/wp\/v2\/product_brand?post=119758"},{"taxonomy":"product_cat","embeddable":true,"href":"https:\/\/digitalmty.com.mx\/decora\/wp-json\/wp\/v2\/product_cat?post=119758"},{"taxonomy":"product_tag","embeddable":true,"href":"https:\/\/digitalmty.com.mx\/decora\/wp-json\/wp\/v2\/product_tag?post=119758"}],"curies":[{"name":"wp","href":"https:\/\/api.w.org\/{rel}","templated":true}]}}